t are the prime factors of f?
13
Suppose -4*n - 2*r + 2 - 10 = 0, 2*r + 7 = -3*n. List the prime factors of (26 + 1)/3 - n.
2, 5
Let s(j) = j**3 + 15*j**2 + 7*j - 13. List the prime factors of s(-14).
5, 17
Let n(f) = 26*f**2 - 3*f - 10. What are the prime factors of n(-2)?
2, 5
Suppose -2*d + 312 = 2*x, 168 = 6*x - 5*x - 3*d. List the prime factors of x.
3, 53
Suppose 0 = o - 2*o + 28. List the prime factors of o.
2, 7
Let x = -29 - -21. Let q(k) = -2*k + 3. What are the prime factors of q(x)?
19
Let c(s) = s - 3. Let j be c(-8). Let b(d) = d**2 + 10*d + 8. What are the prime factors of b(j)?
19
Suppose -4*j + 0*j = 4*k - 104, -3*j = -15. List the prime factors of k.
3, 7
Let y(r) = r + 9. Let w(l) = l + 10. Suppose q + q + 8 = 0. Let h(o) = q*w(o) + 5*y(o). List the prime factors of h(4).
3
Let l(z) = -10*z - 14. List the prime factors of l(-7).
2, 7
Let y = -3 + 10. Suppose -4 = 5*p - y*p. List the prime factors of p.
2
Let s(j) = -j**3 - 3*j**2 - 2*j - 2. Let k(y) = 4*y - 13*y + 6*y. Let q be k(1). What are the prime factors of s(q)?
2
Let a be 7 - (4 - (2 - 0)). Suppose 108 = -u + a*u. List the prime factors of u.
3
Suppose -4*t + 2*n = -66, 2*t + 3*t + 3*n = 55. Let x be -2*(9/2)/(-3). List the prime factors of t - 2*x/6.
13
Let h be 2 + -3 + 4 - 0. Suppose 4 = r + 4*b - 20, -h*r - 3*b = -72. What are the prime factors of r?
2, 3
Suppose -4*x = x - 10. Suppose 0 = x*b + 3 - 17. Let h = b - -4. What are the prime factors of h?
11
Let c(v) = 2*v**2 + 12*v + 1. Let q be c(-8). Let p = -3 + q. What are the prime factors of p?
2, 3, 5
Let o = -7 - -26. Suppose 4*j - o = -5*m, 5*j - 3*j = 2. What are the prime factors of m?
3
Let l(c) be the second derivative of -c**7/2520 - c**6/144 + c**5/24 + c**4/6 - c. Let r(h) be the third derivative of l(h). List the prime factors of r(-5).
5
Suppose -5*f = -4*f. Suppose 2*p = -f*p + 6. Let a = 0 + p. List the prime factors of a.
3
Suppose 3*u + 3 - 9 = 0. Suppose 5*c + u*s + 0*s - 54 = 0, -c = 5*s + 3. What are the prime factors of c?
2, 3
Let d(i) = 2 - 3*i**2 - 7*i - 3 + 2*i**2. Suppose 18 = -7*u + 4*u. What are the prime factors of d(u)?
5
Let k(a) = a**2. Let z(q) = 2*q**2 - 2*q - 2. Let i(s) = 2*k(s) + z(s). List the prime factors of i(2).
2, 5
Suppose 3*n - 71 = -a, -a - n + 86 = -3*n. What are the prime factors of a?
2, 5
Let h = 34 - 13. Let i = h + -11. List the prime factors of i.
2, 5
Suppose -9 = 3*i - 45. Suppose 4*u - i = -z, -2*z - 3*z = -3*u + 9. Suppose m + 21 = -0*m + 5*c, 0 = -u*m + 3*c - 3. What are the prime factors of m?
2
Suppose 3*o - 19 = 206. What are the prime factors of o?
3, 5
Let d be 2 - ((-2 - -4) + -4). Suppose -d*i = 33 - 93. List the prime factors of i.
3, 5
Let a(c) = 2*c + 4. Let q be a(8). List the prime factors of (-32)/(-5) - 8/q.
2, 3
Let h = 53 - 9. What are the prime factors of h?
2, 11
Suppose 11 = 6*k - 577. What are the prime factors of k?
2, 7
Suppose 4*o + r - 20 = 0, -r = 4*o + 3*r - 32. Let a = 14 - o. What are the prime factors of a?
2, 5
Let m = -7 - -1. Let g = 11 + m. List the prime factors of g.
5
Let h(f) = -7*f + 43. List the prime factors of h(-11).
2, 3, 5
Let g(q) = -12*q - 38. List the prime factors of g(-15).
2, 71
Let z(u) = -4*u. Let t be z(-3). What are the prime factors of t*4/3*1?
2
Let n(i) = 2*i + 17. List the prime factors of n(0).
17
Suppose 3*r - 11 = 13. Let t = -20 + r. Let h = -4 - t. What are the prime factors of h?
2
Let j = 17 - 12. Suppose j*a + 3*p - 57 = 0, -3*a + 25 = 2*a - 5*p. List the prime factors of a.
3
List the prime factors of (25/15 - 1)*114.
2, 19
Let j(o) = -o**2 + 11*o - 3. List the prime factors of j(8).
3, 7
Suppose y + 13 = -16. Let u = -20 - y. What are the prime factors of u?
3
Let d be (1*-2)/((-2)/4). Let i = 5 + d. What are the prime factors of i?
3
Let h be (-1 - 9/(-6))*4. Suppose h*w - 4*l - 34 = 0, -5*w + 62 = -5*l - 8. List the prime factors of w.
11
Suppose 0 = -3*q + 3*l + 12, q + 0*q + 4*l + 21 = 0. Let c(p) = -5*p**3 - p**2 - 2*p - 1. List the prime factors of c(q).
5
Suppose -4*n + 9 = -11. Suppose 24 = 3*m - 3*h, 0 = -m - 0*h - 2*h + n. Suppose 0 = 5*v - m*v + 14. What are the prime factors of v?
7
Suppose -2*s = -3*s + 2. List the prime factors of s/7 - 328/(-28).
2, 3
Let g(b) = -b**2 + 9*b - 11. Let j be g(8). Let s = j - -6. List the prime factors of s.
3
Suppose 1 = -4*x - c, -9 + 26 = -2*x + 5*c. Let m = 2 + x. List the prime factors of (5 - 7) + (m - -11).
2, 5
Let c(u) = 4*u**2 + 2*u + 1. Suppose -1 + 3 = -2*p. What are the prime factors of c(p)?
3
List the prime factors of ((-36)/(-42))/(1/28).
2, 3
Let w = 4 - -20. What are the prime factors of w?
2, 3
List the prime factors of (3/(-9))/((-7)/462).
2, 11
List the prime factors of (648/(-40))/((-1)/5).
3
Let x(k) = k**3 + 10*k**2 - 12*k - 5. Let s be x(-11). Let w = 10 + s. List the prime factors of w.
2
Let w be 60/35 + (-4)/(-14). Suppose -12 = w*x - 6*x. What are the prime factors of x?
3
Let w = 39 + 21. What are the prime factors of w?
2, 3, 5
Suppose 4 = x - 17. What are the prime factors of x?
3, 7
Suppose 2*l - 713 = -73. What are the prime factors of l?
2, 5
Suppose -5*l = -2*z - 319, 5*z + 83 + 32 = 2*l. List the prime factors of l.
5, 13
Let m(f) = -f**2 + 0*f**2 - f**2 + 5 + 3*f**2. Let w be m(0). Suppose 0*s = -s - k + 15, -w*s = -k - 63. List the prime factors of s.
13
Suppose 4*w - 5*h + 10 = 3*w, -5*w = h - 2. Let a be 0 + w/2 + 4. List the prime factors of (-9)/a*2*-2.
3
Suppose -2*n = -138 - 126. Suppose 4*f - 132 = 5*s, -4*s = 5*f - f - n. What are the prime factors of f?
3, 11
Suppose -5*u + 3*k + 434 = 89, -164 = -2*u - 4*k. Suppose 5*v + v = u. List the prime factors of v.
2, 3
List the prime factors of (-44)/1*(-4 + (-3)/(-4)).
11, 13
Let p = -10 - -4. Let q = 8 + p. List the prime factors of q.
2
Let v(t) = -t - t - 5*t. What are the prime factors of v(-6)?
2, 3, 7
Suppose 5*d - 233 = -28. What are the prime factors of d?
41
Let x(u) = -2*u - 1. Let d(h) = -h**3 - 5*h**2 + h. Let f be d(-5). List the prime factors of x(f).
3
Let y(b) = -b**2 - 2*b - 1. Let m(q) = -3*q**2 - 6*q - 3. Let u(i) = -6*m(i) + 17*y(i). Let w be u(-2). List the prime factors of (0 + -3)/(w/(-2)).
2, 3
Let g(p) = p**2 + 9*p - 5. Let j be g(-6). Let s be 44*5/((-40)/6). Let k = j - s. List the prime factors of k.
2, 5
List the prime factors of 41 + (-1 - -4) + -1.
43
Let w(t) = -22 + 6*t + t**2 + 2*t + 9. List the prime factors of w(-10).
7
Suppose -m = 2*u - 9 - 1, 0 = 4*u - 3*m - 20. Suppose u*f + 101 = 4*t, -4*f = 2*t - 6*t + 104. What are the prime factors of t?
29
Let x = 3 + -1. Let m(f) = 11*f + 2. Let b be m(x). Suppose -2*j = j - b. What are the prime factors of j?
2
Let r be (-18)/(-3) + 3 - 3. List the prime factors of 2/4 - (-123)/r.
3, 7
Let o = 10 - 24. Let q = 25 + o. What are the prime factors of q?
11
Let i(o) = o**2 + 15. Suppose -2*h + 3*h + 1 = 0. Let z be (3 + -2)*(1 + h). What are the prime factors of i(z)?
3, 5
Suppose 4*t = -3*j + 5*t - 2, 0 = -4*j - t + 2. Suppose -19 = -l - j. Let v = 29 - l. What are the prime factors of v?
2, 5
Let m = -11 - -34. Suppose -k + 2*k - m = 0. What are the prime factors of k?
23
Suppose 2*o = -3*o + 5. List the prime factors of o + (-4 - -3) + 15.
3, 5
Let u be (-4)/(-4 - -2)*2. Suppose d + u*d - 4*w = -25, 4*d - w = -9. Let a = 2 - d. List the prime factors of a.
3
Suppose 2*j = j + 1. Suppose -u = 2*u - 30. What are the prime factors of 72/u + j/(-5)?
7
Let f(u) = 6*u + 2. List the prime factors of f(11).
2, 17
Let b(d) = d + 4 + 8 - 2*d. What are the prime factors of b(0)?
2, 3
Let g = 60 + -109. Suppose 7 = 4*l - 9. What are the prime factors of g/(-14)*l/7?
2
Let s(d) = 2*d**2 - 4*d - 6. Let v be s(4). List the prime factors of (3 + (-14)/v)*10.
2
Let s(y) = -12*y + 1. Let l be s(-1). Let p = l + -10. Suppose -63 = -p*t + w - 4*w, -2*t - 3*w = -43. List the prime factors of t.
2, 5
Let d(a) = 50*a**2 + 3*a - 2. What are the prime factors of d(1)?
3, 17
Let q be 12/20 + (-78)/5. Let h = q - -45. List the prime factors of h.
2, 3, 5
Let d = 821 - 571. List the prime factors of d.
2, 5
List the prime factors of 2/(2/(3 - 2)) + 156.
157
Let n(r) = -2*r**3 - 2*r**2 - 2*r - 22. What are the prime factors of n(-4)?
2, 41
What are the prime factors of (0 + -7 - -3) + 81?
7, 11
L